 a factor of 19509?
True
Is 10 a factor of 1747?
False
Is 31 a factor of 8790?
False
Is 13811 a multiple of 6?
False
Does 25 divide 950?
True
Is 15392 a multiple of 32?
True
Does 60 divide 42900?
True
Is 29 a factor of 2871?
True
Is 15 a factor of 2640?
True
Does 9 divide 256?
False
Is 6903 a multiple of 177?
True
Is 8 a factor of 25?
False
Does 34 divide 9452?
True
Is 558 a multiple of 62?
True
Is 25 a factor of 62788?
False
Does 9 divide 430?
False
Is 6 a factor of 1146?
True
Is 87 a factor of 1305?
True
Does 25 divide 8475?
True
Is 14 a factor of 238?
True
Is 15 a factor of 15105?
True
Is 8 a factor of 321?
False
Is 5420 a multiple of 271?
True
Is 7581 a multiple of 21?
True
Is 21 a factor of 63?
True
Is 3 a factor of 216?
True
Does 41 divide 1263?
False
Is 68697 a multiple of 51?
True
Does 19 divide 550?
False
Is 7313 a multiple of 71?
True
Is 32915 a multiple of 37?
False
Does 22 divide 330?
True
Is 13 a factor of 3393?
True
Is 513 a multiple of 47?
False
Does 33 divide 33199?
False
Does 3 divide 1638?
True
Is 11 a factor of 714?
False
Does 8 divide 272?
True
Is 322 a factor of 73746?
False
Is 3 a factor of 411?
True
Does 32 divide 3648?
True
Is 1427 a multiple of 33?
False
Does 18 divide 125496?
True
Is 69 a factor of 646?
False
Is 10 a factor of 930?
True
Does 6 divide 2089?
False
Does 57 divide 534?
False
Is 976 a multiple of 8?
True
Does 269 divide 38720?
False
Is 24 a factor of 456?
True
Is 100 a multiple of 6?
False
Does 65 divide 4191?
False
Does 16 divide 58403?
False
Is 756 a multiple of 82?
False
Is 2184 a multiple of 13?
True
Does 62 divide 93786?
False
Does 50 divide 11001?
False
Is 4 a factor of 2100?
True
Is 74783 a multiple of 83?
True
Is 100 a factor of 1480?
False
Is 7 a factor of 1456?
True
Is 35 a multiple of 35?
True
Is 10 a factor of 346?
False
Is 132624 a multiple of 48?
True
Does 13 divide 1417?
True
Does 11 divide 203?
False
Is 66 a factor of 1204?
False
Does 14 divide 154?
True
Is 17979 a multiple of 159?
False
Does 78 divide 52239?
False
Is 1356 a multiple of 12?
True
Does 204 divide 7755?
False
Is 13 a factor of 494?
True
Is 2773 a multiple of 47?
True
Is 51381 a multiple of 195?
False
Does 25 divide 200?
True
Is 110656 a multiple of 304?
True
Is 756 a multiple of 108?
True
Is 1403 a multiple of 23?
True
Does 9 divide 4680?
True
Does 94 divide 4700?
True
Does 18 divide 27450?
True
Is 347 a multiple of 95?
False
Is 5779 a multiple of 13?
False
Is 185 a factor of 1110?
True
Is 6 a factor of 114?
True
Is 43 a factor of 28509?
True
Does 133 divide 19528?
False
Does 150 divide 11475?
False
Does 3 divide 23394?
True
Is 778 a multiple of 7?
False
Is 47 a factor of 15908?
False
Is 39824 a multiple of 16?
True
Is 12 a factor of 336?
True
Is 14 a factor of 734?
False
Is 37 a factor of 29496?
False
Is 18533 a multiple of 5?
False
Is 537 a multiple of 10?
False
Is 3 a factor of 188?
False
Does 24 divide 506?
False
Is 12 a factor of 48?
True
Does 9 divide 31?
False
Is 8 a factor of 7475?
False
Is 66 a factor of 52074?
True
Does 9 divide 387?
True
Is 35 a factor of 4951?
False
Is 2 a factor of 2772?
True
Is 12768 a multiple of 304?
True
Is 2564 a multiple of 144?
False
Is 19 a factor of 105868?
True
Does 15 divide 3169?
False
Is 53887 a multiple of 7?
False
Is 4638 a multiple of 117?
False
Is 984 a multiple of 8?
True
Is 20 a factor of 458?
False
Is 14624 a multiple of 32?
True
Is 872 a multiple of 4?
True
Does 32 divide 20042?
False
Is 7 a factor of 6464?
False
Does 7 divide 2128?
True
Is 3711 a multiple of 101?
False
Is 14 a factor of 679?
False
Does 11 divide 20?
False
Is 62 a factor of 1196?
False
Is 1723 a multiple of 7?
False
Is 437 a multiple of 19?
True
Does 55 divide 786?
False
Does 9 divide 9810?
True
Is 174 a factor of 4495?
False
Does 31 divide 3968?
True
Is 60 a factor of 15120?
True
Is 9856 a multiple of 109?
False
Is 27665 a multiple of 51?
False
Is 21 a factor of 6249?
False
Is 2734 a multiple of 21?
False
Does 65 divide 975?
True
Is 559 a multiple of 10?
False
Does 16 divide 3648?
True
Is 12 a factor of 2978?
False
Is 26 a factor of 13263?
False
Does 15 divide 1155?
True
Does 118 divide 18644?
True
Does 3 divide 9675?
True
Does 22 divide 110?
True
Does 120 divide 11139?
False
Is 336 a multiple of 13?
False
Does 190 divide 12645?
False
Is 270 a multiple of 20?
False
Is 2689 a multiple of 5?
False
Is 188 a factor of 6640?
False
Does 36 divide 612?
True
Does 29 divide 5801?
False
Is 2562 a multiple of 21?
True
Is 5389 a multiple of 77?
False
Is 115 a factor of 21256?
False
Does 147 divide 5292?
True
Is 6 a factor of 576?
True
Is 32 a factor of 1057?
False
Does 170 divide 28730?
True
Is 74695 a multiple of 29?
False
Is 2 a factor of 124?
True
Is 26 a factor of 2527?
False
Is 3 a factor of 433?
False
Is 6 a factor of 236?
False
Is 135 a factor of 53635?
False
Is 20 a factor of 440?
True
Does 34 divide 646?
True
Is 1907 a multiple of 22?
False
Is 6 a factor of 44?
False
Is 32 a factor of 1431?
False
Is 20 a factor of 940?
True
Does 210 divide 7027?
False
Does 17 divide 2431?
True
Is 41 a factor of 16318?
True
Is 74 a factor of 1228?
False
Is 2287 a multiple of 6?
False
Does 17 divide 4101?
False
Is 53139 a multiple of 8?
False
Is 14 a factor of 33169?
False
Is 1825 a multiple of 73?
True
Is 798 a multiple of 21?
True
Is 12 a factor of 1329?
False
Does 20 divide 1080?
True
Does 16 divide 43232?
True
Is 14 a factor of 11610?
False
Is 103 a factor of 4119?
False
Is 86 a factor of 1612?
False
Does 7 divide 7661?
False
Is 5402 a multiple of 74?
True
Is 3 a factor of 1587?
True
Is 24 a factor of 216?
True
Is 11366 a multiple of 19?
False
Is 9861 a multiple of 19?
True
Is 6816 a multiple of 71?
True
Is 20 a factor of 716?
False
Is 618 a multiple of 103?
True
Is 1248 a multiple of 12?
True
Does 130 divide 41730?
True
Is 88683 a multiple of 123?
True
Is 6 a factor of 3498?
True
Is 4 a factor of 11332?
True
Is 257 a multiple of 10?
False
Is 7 a factor of 266?
True
Is 3094 a multiple of 26?
True
Is 1120 a multiple of 28?
True
Is 34 a factor of 333?
False
Does 17 divide 1071?
True
Does 7 divide 206?
False
Is 1716 a multiple of 132?
True
Is 4 a factor of 575?
False
Is 75 a factor of 28500?
True
Does 19 divide 2679?
True
Is 98 a factor of 392?
True
Is 197 a factor of 78012?
True
Does 25 divide 19700?
True
Does 13 divide 3279?
False
Does 16 divide 54720?
True
Is 10 a factor of 264?
False
Is 15 a factor of 6294?
False
Does 16 divide 1968?
True
Is 127 a factor of 8001?
True
Does 4 divide 808?
True
Is 10 a factor of 378?
False
Is 2332 a multiple of 22?
True
Does 17 divide 2227?
True
Is 12537 a multiple of 21?
True
Is 979 a multiple of 11?
True
Is 18937 a multiple of 13?
False
Is 5 a factor of 10561?
False
Is 690 a multiple of 24?
False
Is 2 a factor of 24716?
True
Does 19 divide 1730?
False
Is 11 a factor of 33836?
True
Does 2 divide 1313?
False
Is 4948 a multiple of 11?
False
Does 26 divide 260?
True
Does 6 divide 2202?
True
Is 29 a factor of 1094?
False
Is 464 a multiple of 28?
False
Does 102 divide 11594?
False
Is 400 even?
True
Is 4002 a multiple of 46?
True
Is 280 a multiple of 15?
False
Does 7 divide 16037?
True
Is 645 a multiple of 73?
False
Is 28 a factor of 1008?
True
Is 20 a factor of 20360?
True
Is 31 a factor of 2480?
True
Does 3 divide 9?
True
Is 8 a factor of 40192?
True
Does 29 divide 138860?
False
Does 25 divide 77?
False
Is 6 a factor of 17538?
True
Is 1216 a multiple of 7?
False
Does 70 divide 33545?
False
Does 26 divide 607?
False
Is 11 a factor of 2959?
True
Is 9 a factor of 15649?
False
Is 13 a factor of 131?
False
Is 9 a factor of 37733?
False
Is 5790 a multiple of 10?
True
Does 27 divide 2380?
False
Does 9 divide 288?
True
Does 7 divide 32348?
False
Is 567 a multiple of 2?
False
Is 2933 a multiple of 71?
False
Is 22 a factor of 1293?
False
Does 12 divide 5208?
True
Is 15 a factor of 6405?
True
Does 9 divide 1251?
True
Does 10 divide 1082?
False
Is 14 even?
True
Is 1159 a multiple of 29?
False
Does 88 divide 2151?
False
Is 6678 a multiple of 7?
True
Does 24 divide 5136?
True
Is 3 a factor of 221?
False
Is 1824 a multiple of 39?
False
Is 8 a factor of 168?
True
Does 13 divide 21370?
False
Is 29 a factor of 1102?
True
Is 63 a factor of 1701?
True
Is 62910 a multiple of 90?
True
Does 39 divide 858?
True
Is 16